, 7, 11, 29, 8389
List the prime factors of 79978546.
2, 1867, 21419
List the prime factors of 417385322.
2, 1231, 169531
List the prime factors of 1780360407.
3, 7, 97, 291337
What are the prime factors of 320389288?
2, 2213, 18097
What are the prime factors of 17833965?
3, 5, 1188931
List the prime factors of 64178261.
7, 2251, 4073
List the prime factors of 228229924.
2, 13, 1801, 2437
List the prime factors of 152461266.
2, 3, 25410211
What are the prime factors of 73826016?
2, 3, 11, 69911
List the prime factors of 79398517.
11, 17, 281, 1511
List the prime factors of 2683334708.
2, 41, 1531, 10687
What are the prime factors of 951283627?
7, 3499, 38839
List the prime factors of 4032225322.
2, 2111, 955051
List the prime factors of 1263241063.
7, 180463009
What are the prime factors of 101499692?
2, 7, 191, 18979
List the prime factors of 522389437.
522389437
List the prime factors of 3513264682.
2, 29, 277, 218677
List the prime factors of 31356714.
2, 3, 29, 180211
List the prime factors of 1312085566.
2, 11, 2153, 27701
What are the prime factors of 58483832?
2, 11, 664589
What are the prime factors of 208952103?
3, 69650701
What are the prime factors of 324261305?
5, 64852261
List the prime factors of 20442940.
2, 5, 7, 146021
What are the prime factors of 779752417?
23, 33902279
What are the prime factors of 55111549?
71, 776219
List the prime factors of 5274206844.
2, 3, 439517237
What are the prime factors of 249924289?
131, 1907819
List the prime factors of 1241476378.
2, 19, 32670431
List the prime factors of 54210492.
2, 3, 7, 71707
List the prime factors of 744862273.
744862273
List the prime factors of 2471232280.
2, 5, 11, 5616437
What are the prime factors of 3081271533?
3, 37, 773, 35911
List the prime factors of 2361036771.
3, 251, 673, 1553
What are the prime factors of 133543269?
3, 4946047
List the prime factors of 628318962.
2, 3, 34906609
What are the prime factors of 276678308?
2, 443, 156139
What are the prime factors of 60454999?
11, 59, 93151
What are the prime factors of 26352096?
2, 3, 313, 877
What are the prime factors of 56135042?
2, 23, 1220327
List the prime factors of 2867056203.
3, 11, 29, 2995879
List the prime factors of 2218160600.
2, 5, 277, 40039
What are the prime factors of 419635718?
2, 17, 139, 88793
What are the prime factors of 274766336?
2, 13, 41281
List the prime factors of 13852362.
2, 3, 2308727
What are the prime factors of 2130343254?
2, 3, 13, 1011559
List the prime factors of 576811170.
2, 3, 5, 13, 493001
List the prime factors of 105410158.
2, 7, 7529297
List the prime factors of 1039556148.
2, 3, 41, 2112919
What are the prime factors of 4282538066?
2, 2141269033
What are the prime factors of 31713027?
3, 53, 199453
What are the prime factors of 341516173?
103, 229, 14479
List the prime factors of 66873856.
2, 7, 47, 397
What are the prime factors of 26275090?
2, 5, 2627509
What are the prime factors of 26261208?
2, 3, 364739
List the prime factors of 144473214.
2, 3, 71, 339139
List the prime factors of 1698619.
13, 19, 23
What are the prime factors of 6491001300?
2, 3, 5, 7, 191, 16183
List the prime factors of 85279309.
85279309
List the prime factors of 338554008.
2, 3, 13, 19, 19037
What are the prime factors of 684159559?
1451, 471509
List the prime factors of 34087496.
2, 73, 58369
What are the prime factors of 339973895?
5, 4423, 15373
List the prime factors of 54170090.
2, 5, 13, 416693
What are the prime factors of 1136269497?
3, 11, 89, 35171
List the prime factors of 427971908.
2, 7, 13, 29, 40543
List the prime factors of 192563691.
3, 709, 90533
What are the prime factors of 576658270?
2, 5, 83, 331, 2099
List the prime factors of 370829385.
3, 5, 1019, 8087
What are the prime factors of 18916793?
7, 131, 421
What are the prime factors of 2828401034?
2, 23, 61486979
What are the prime factors of 30671999?
4993, 6143
List the prime factors of 33309611.
181, 184031
What are the prime factors of 429883615?
5, 7, 367, 683
List the prime factors of 41867000.
2, 5, 7, 5981
What are the prime factors of 167755017?
3, 53, 1055063
List the prime factors of 545700527.
17, 32100031
List the prime factors of 7248658941.
3, 805406549
List the prime factors of 95148592.
2, 7, 11, 17, 59
What are the prime factors of 1702453773?
3, 567484591
List the prime factors of 2674467905.
5, 534893581
What are the prime factors of 445870947?
3, 148623649
What are the prime factors of 204443087?
487, 419801
What are the prime factors of 85173101?
13, 349, 18773
List the prime factors of 337778700.
2, 3, 5, 7, 239, 673
List the prime factors of 14772699.
3, 60793
List the prime factors of 1055217255.
3, 5, 149, 472133
List the prime factors of 782610993.
3, 41, 113, 137
What are the prime factors of 1622458228?
2, 59, 6874823
List the prime factors of 144079018.
2, 29, 433, 5737
What are the prime factors of 367540212?
2, 3, 13, 101, 23327
What are the prime factors of 3575293167?
3, 23, 51815843
List the prime factors of 1050260611.
4657, 225523
What are the prime factors of 252400794?
2, 3, 167, 251897
List the prime factors of 1267436317.
7, 181062331
What are the prime factors of 524403409?
31, 16916239
What are the prime factors of 3168411755?
5, 4621, 137131
List the prime factors of 1102277889.
3, 1512041
List the prime factors of 2603942.
2, 11, 118361
What are the prime factors of 187668837?
3, 20852093
List the prime factors of 46953009.
3, 19, 274579
List the prime factors of 88348388.
2, 17, 31, 41911
What are the prime factors of 213379728?
2, 3, 19, 233969
List the prime factors of 22746430.
2, 5, 7, 324949
What are the prime factors of 1948228267?
2617, 744451
List the prime factors of 659689924.
2, 383, 491, 877
What are the prime factors of 281492762?
2, 140746381
What are the prime factors of 1398397280?
2, 5, 7, 83, 307
List the prime factors of 227213626.
2, 151, 331, 2273
List the prime factors of 459414997.
459414997
List the prime factors of 6342303816.
2, 3, 19, 821, 5647
What are the prime factors of 50690698?
2, 25345349
What are the prime factors of 16539115?
5, 109, 30347
List the prime factors of 49062260.
2, 5, 13, 188701
List the prime factors of 379435175.
5, 7, 44249
What are the prime factors of 7941141667?
23, 47, 7346107
List the prime factors of 320575709.
320575709
List the prime factors of 308328906.
2, 3, 51388151
What are the prime factors of 66014832?
2, 3, 13, 67, 1579
What are the prime factors of 2191441959?
3, 7, 3864977
List the prime factors of 664764538.
2, 23, 14451403
List the prime factors of 2284597294.
2, 7, 131, 1245691
List the prime factors of 1835045014.
2, 11, 283, 359, 821
What are the prime factors of 518957820?
2, 3, 5, 961033
What are the prime factors of 579747121?
6263, 92567
List the prime factors of 102529029.
3, 34176343
What are the prime factors of 1874800512?
2, 3, 13, 41729
List the prime factors of 834260903.
7, 139, 857411
List the prime factors of 776082832.
2, 7, 229, 30259
List the prime factors of 773621355.
3, 5, 13, 3967289
What are the prime factors of 551157993?
3, 23, 887533
List the prime factors of 57229319.
7, 211, 38747
What are the prime factors of 498150580?
2, 5, 2267, 10987
What are the prime factors of 2737143178?
2, 7, 11, 79, 113, 181
What are the prime factors of 168466854?
2, 3, 89, 315481
List the prime factors of 2674802720.
2, 5, 157, 233, 457
List the prime factors of 361115559.
3, 7, 31, 184903
What are the prime factors of 149402575?
5, 7, 401, 2129
List the prime factors of 142870548.
2, 3, 11905879
What are the prime factors of 202413802?
2, 19, 41, 129919
List the prime factors of 195257498.
2, 41, 2381189
List the prime factors of 1258770882.
2, 3, 17, 53, 232847
What are the prime factors of 4963649027?
4963649027
What are the prime factors of 50242653?
3, 71, 26209
What are the prime factors of 85031025?
3, 5, 17, 3923
What are the prime factors of 3036434839?
193, 821, 19163
What are the prime factors of 197716260?
2, 3, 5, 7, 223, 2111
List the prime factors of 39677841.
3, 7, 629807
What are the prime factors of 5408264070?
2, 3, 5, 11, 701, 7793
List the prime factors of 439633269.
3, 719, 67939
What are the prime factors of 323688501?
3, 11988463
What are the prime factors of 782